9?
6
What is the hundred thousands digit of 101110106?
1
What is the ten millions digit of 75379473?
7
What is the ten thousands digit of 35166604?
6
What is the millions digit of 3974359243?
4
What is the tens digit of 38293501?
0
What is the ten thousands digit of 5080734?
8
What is the thousands digit of 160620142?
0
What is the hundred thousands digit of 134947175?
9
What is the units digit of 14160150?
0
What is the thousands digit of 288413731?
3
What is the ten thousands digit of 66046672?
4
What is the tens digit of 81374866?
6
What is the hundred millions digit of 3693014405?
6
What is the thousands digit of 30420978?
0
What is the thousands digit of 121999212?
9
What is the hundred millions digit of 1383746903?
3
What is the hundreds digit of 57774949?
9
What is the hundred thousands digit of 3073679781?
6
What is the ten millions digit of 84635440?
8
What is the units digit of 523063119?
9
What is the hundred millions digit of 1508902445?
5
What is the hundreds digit of 6215940?
9
What is the units digit of 199875387?
7
What is the units digit of 51023629?
9
What is the hundred millions digit of 237405424?
2
What is the thousands digit of 47259271?
9
What is the hundreds digit of 480368798?
7
What is the thousands digit of 24665986?
5
What is the units digit of 518661?
1
What is the ten thousands digit of 45655278?
5
What is the hundred millions digit of 3348907032?
3
What is the millions digit of 914258579?
4
What is the billions digit of 2336137304?
2
What is the hundreds digit of 2386279304?
3
What is the hundreds digit of 414594529?
5
What is the billions digit of 7320400525?
7
What is the thousands digit of 88930520?
0
What is the ten thousands digit of 55776374?
7
What is the hundred thousands digit of 787763295?
7
What is the ten millions digit of 53374625?
5
What is the tens digit of 3209348874?
7
What is the millions digit of 545191202?
5
What is the ten millions digit of 97677446?
9
What is the thousands digit of 1374407336?
7
What is the tens digit of 226784124?
2
What is the ten thousands digit of 1263782?
6
What is the millions digit of 60294628?
0
What is the units digit of 7816865?
5
What is the billions digit of 2238798233?
2
What is the thousands digit of 33878482?
8
What is the ten thousands digit of 222919986?
1
What is the ten millions digit of 344159231?
4
What is the hundred millions digit of 2676715857?
6
What is the hundred thousands digit of 1342153101?
1
What is the thousands digit of 242671900?
1
What is the tens digit of 304932484?
8
What is the units digit of 1851422217?
7
What is the units digit of 247534768?
8
What is the hundreds digit of 34134732?
7
What is the tens digit of 381712638?
3
What is the units digit of 66389038?
8
What is the ten millions digit of 234886303?
3
What is the thousands digit of 53770287?
0
What is the ten millions digit of 31041436?
3
What is the ten millions digit of 4635429215?
3
What is the hundreds digit of 542667456?
4
What is the thousands digit of 907065208?
5
What is the units digit of 42066728?
8
What is the ten thousands digit of 649541163?
4
What is the hundred thousands digit of 4215166714?
1
What is the hundred thousands digit of 1127610613?
6
What is the ten thousands digit of 99621966?
2
What is the thousands digit of 189864130?
4
What is the tens digit of 87149896?
9
What is the hundred thousands digit of 66876801?
8
What is the units digit of 240475436?
6
What is the hundred thousands digit of 71660336?
6
What is the millions digit of 463738164?
3
What is the thousands digit of 40127464?
7
What is the tens digit of 16487715?
1
What is the hundred millions digit of 158930188?
1
What is the hundreds digit of 37625458?
4
What is the billions digit of 1629606023?
1
What is the hundreds digit of 4918801356?
3
What is the ten thousands digit of 17371193?
7
What is the hundred thousands digit of 137934023?
9
What is the billions digit of 5835977437?
5
What is the thousands digit of 55442613?
2
What is the hundred thousands digit of 3300653559?
6
What is the ten millions digit of 371122998?
7
What is the hundred thousands digit of 108144444?
1
What is the units digit of 773827854?
4
What is the units digit of 41668858?
8
What is the tens digit of 816782998?
9
What is the ten thousands digit of 128809141?
0
What is the hundred millions digit of 567910535?
5
What is the hundred millions digit of 709428108?
7
What is the hundred thousands digit of 7835286709?
2
What is the thousands digit of 48253820?
3
What is the ten thousands digit of 57916514?
1
What is the millions digit of 109091238?
9
What is the units digit of 271763718?
8
What is the units digit of 181451530?
0
What is the hundred thousands digit of 226722421?
7
What is the thousands digit of 70239721?
9
What is the hundreds digit of 59198829?
8
What is the ten thousands digit of 496969290?
6
What is the hundreds digit of 2330666485?
4
What is the millions digit of 62757141?
2
What is the hundred thousands digit of 67814328?
8
What is the tens digit of 103762781?
8
What is the units digit of 912321898?
8
What is the units digit of 1344778344?
4
What is the tens digit of 886656591?
9
What is the hundred millions digit of 2956701054?
9
What is the ten thousands digit of 873996703?
9
What is the millions digit of 15166129?
5
What is the hundreds digit of 100664450?
4
What is the thousands digit of 903711933?
1
What is the millions digit of 60068585?
0
What is the thousands digit of 194159381?
9
What is the tens digit of 6238758488?
8
What is the hundreds digit of 11827768?
7
What is the hundred millions digit of 223549419?
2
What is the ten thousands digit of 3863559338?
5
What is the tens digit of 796331878?
7
What is the thousands digit of 130870495?
0
What is the millions digit of 2222068401?
2
What is the hundred thousands digit of 1089059941?
0
What is the hundreds digit of 1607804026?
0
What is the ten millions digit of 1253780019?
5
What is the thousands digit of 168937454?
7
What is the units digit of 254126606?
6
What is the hundreds digit of 21031760?
7
What is the millions digit of 32391078?
2
What is the hundreds digit of 121879575?
5
What is the ten millions digit of 67483017?
6
What is the millions digit of 32931966?
2
What is the hundred millions digit of 286757046?
2
What is the hundred thousands digit of 1968871032?
8
What is the thousands digit of 1120224768?
4
What is the tens digit of 389713157?
5
What is the hundreds digit of 212460564?
5
What is the units digit of 2023402352?
2
What is the ten thousands digit of 15111321?
1
What is the tens digit of 948084250?
5
What is the ten thousands digit of 760225476?
2
What is the millions digit of 388148284?
8
What is the thousands digit of 678288452?
8
What is the thousands digit of 539455716?
5
What is the ten millions digit of 13132478?
1
What is the millions digit of 81939359?
1
What is the hundred millions digit of 497069580?
4
What is the hundred thousands digit of 2314311738?
3
What is the hundred thousands digit of 1156672314?
6
What is the tens digit of 10386547?
4
What is the thousands digit of 5817489?
7
What is the millions digit of 805920352?
5
What is the ten thousands digit of 72717814?
1
What is the thousands digit of 8099763?
9
What is the ten thousands digit of 894567206?
6
What is the hundred thousands digit of 2159219427?
2
What is the ten thousands digit of 58484788?
8
What is the thousands digit of 53249559?
9
What is the millions digit of 349798880?
9
What is the units digit of 53185916?
6
What is the ten millions digit of 295660277?
9
What is the thousands digit of 1553577384?
7
What is the hundreds digit of 15161707?
7
What is the hundreds digit of 534821571?
5
What is the millions digit of 26327296?
6
What is the hundreds digit of 1276994535?
5
What is the hundreds digit of 15544950?
9
What is the billions digit of 7555410484?
7
What is the units digit of 73991333?
3
What is the tens digit of 262865325?
2
What is the ten millions digit of 29046774?
2
What is the ten thousands digit of 13996886?
9
What is the hundred thousands digit of 389412396?
4
What is the ten thousands digit of 2495672030?
7
What is the tens digit of 2166925?
2
What is the hundred thousands digit of 63399600?
3
What is the ten millions digit of 77009